culate -7 + -2 + 0 + 11.
2
What is the value of -27 + 3 + 12 + (3 - 1)?
-10
Evaluate 5 - ((3 + -3 - -5) + 0).
0
Evaluate 16 + -12 - (4 - -2).
-2
Calculate -4 - -3 - (9 - 20) - 5.
5
What is the value of -1 + (-1 - 0) + 1 + 2?
1
Calculate (1 + -2 - -4) + -4.
-1
Evaluate (0 - 2) + (-63 - -70).
5
-3 - (1 - (2 + (-2 - 1)))
-5
Evaluate 7 - (-5 - -12) - 4.
-4
Calculate (-5 - -5) + -11 - -6.
-5
What is the value of -11 + (11 - (-1 + 4))?
-3
What is the value of (9 - (12 + -5)) + -8?
-6
What is the value of 3 + -3 - 11 - -4?
-7
Calculate (-1 - (3 + 2)) + 1 + 1.
-4
What is (-6 - -17) + (-4 - 1) - 5?
1
Evaluate -1 + (4 - 0) + -10 + 2.
-5
Calculate -8 - (4 + 3 + -9 + -1).
-5
Calculate 143 + -148 - (0 + -5).
0
2 - 6 - (-1 + 4 + -5)
-2
Evaluate 2 + (-12 - (-9 + -7)).
6
-3 - (-4 + 3 + 0)
-2
(5 + -1 - 3 - 3) + 3
1
Evaluate 1 + 6 + -3 + -6 - -2.
0
Calculate (-34 - -34 - (3 + 1)) + -1.
-5
Calculate -6 - (3 + -3) - -2.
-4
Evaluate 1 - 1 - (-31 - -34).
-3
What is the value of (4 - 4) + (0 + 1 - 0)?
1
Evaluate -2 - (-2 - (-2 + (-3 - -1))).
-4
What is -7 + 6 + -4 - -2 - -4?
1
What is the value of -42 - -41 - (-1 + (4 - 3))?
-1
What is (47 - 34) + (3 - (1 + 9))?
6
What is 3 + (-1 - 1) + -1 + -2?
-2
What is the value of -1 - 2 - (4 - (-8 + 11))?
-4
What is 5 - (-6 + 4 + (-7 - -8))?
6
What is the value of -2 + -2 - (7 - (22 + -6))?
5
-4 + -4 + 5 - -6
3
1 + -7 + 3 - -2
-1
-4 - (0 + -5 + 3)
-2
Evaluate -1 + 1 + (-7 - (-13 - -3)).
3
(2 - (-5 - 1)) + -2 - -2
8
-9 + -4 + (8 - -8)
3
Calculate -1 - 5 - 0 - -3.
-3
Calculate (-15 - (-19 - -10)) + 5.
-1
2 + 3 - (13 - 6)
-2
-5 + (-2 - -1) + 3
-3
What is the value of 12 - (16 + -4 - 7)?
7
Evaluate (-8 - (-5 - (-6 + 6))) + 10.
7
What is the value of -5 + (42 + -34 - (-1 - -7))?
-3
What is -1 - (-7 - (8 + -24))?
-10
Calculate 3 - (0 + -2 + 2 + 0).
3
21 + -18 + (0 - -2 - 0)
5
Calculate 1 + (8 - 7 - -5 - 4).
3
Evaluate -11 + 3 + (6 - 1) + 3.
0
What is 11 + 0 + -16 - (-5 - 0)?
0
Evaluate (3 - (-5 + 7)) + 2.
3
What is 71 - 68 - (0 + -3)?
6
12 + -7 + (0 - 3) - 1
1
What is 4 + 2 - 2 - -2?
6
Evaluate 2 - -3 - (-1 - (1 - 4)).
3
What is the value of -6 + (-3 - (-2 - 3 - 10))?
6
Evaluate -2 - (-7 + 6 + -1 + 3).
-3
-2 + 4 + (6 - 9) - -1
0
What is the value of 11 - ((13 - 0) + 8)?
-10
Evaluate 0 + 0 - (-1 + -1).
2
Evaluate (3 - (-3 + 7)) + 5.
4
What is 11 - (31 + -12 + 3)?
-11
1 - (2 - (0 + 5))
4
What is (0 - -1) + 1 + 5 + -6?
1
What is 1 + (-8 - (-11 + 4))?
0
(-8 - (-6 + 4)) + (-1 - -6)
-1
What is the value of -5 - (0 - 7 - -1) - 2?
-1
What is the value of 3 - (-6 + 10 + -2 + 3)?
-2
20 + -15 + (2 - (-1 - 0))
8
What is the value of -6 - -4 - (-3 - (0 - 5))?
-4
What is the value of -1 + (-9 - -8) + 6?
4
Calculate 1 - (-7 - -7 - 1).
2
What is -11 + 1 + (7 - 7)?
-10
What is the value of -2 + ((4 - 4) + 1 - 1)?
-2
-5 - (0 - 7) - 4
-2
Evaluate -1 + -1 - (21 - 22).
-1
(8 + -10 - 4) + 6
0
Evaluate 3 - (0 + (-4 - -12) + -4).
-1
What is the value of -15 - -4 - -7 - -1?
-3
Calculate -1 + 0 + (4 - 2) + -5.
-4
Evaluate 8 + -14 - (0 - (-2 - -4)).
-4
Evaluate -1 + (-3 + 1 - (-14 + 6)).
5
6 - (3 - 1) - 4
0
What is 3 - (0 - -2 - (-18 + 17))?
0
What is the value of -8 + -1 + (-10 - -25) + -5?
1
What is 0 + 2 + 14 + -11?
5
9 - 7 - -4 - (-3 - -11)
-2
What is 0 - (2 + 6 + -8)?
0
What is the value of 14 + -13 + (-1 - 0)?
0
Calculate (-2 - (-3 + (-2 - -3))) + -4.
-4
Calculate -5 + 3 - (2 - 6).
2
Evaluate 4 + 0 + -4 + 3.
3
-8 + (0 - (-19 + 6))
5
What is the value of -2 + (-4 - -7) + -5?
-4
-9 - (6 + -6 + -7) - 6
-8
Calculate 3 + 0 - (0 - (4 - 4)).
3
Calculate 3 + (-48 - -35) + 0 + 0.
-10
What is -4 - (-4 + (-4 - -8 - 2))?
-2
Calculate 3 + (5 - 5) + -5 + 5.
3
-2 - (-1 - (7 - 6))
0
What is the value of -4 + (0 - -6) + -7 - -1?
-4
Evaluate 2 + -5 + 5 - 6.
-4
Evaluate -1 - (7 - (6 - -9)) - 8.
-1
What is the value of 0 + -2 - (-5 + 11 + -10)?
2
Calculate (3 + 4 - 5) + 0 + 5.
7
Evaluate (-6 - (-5 + 3)) + 0.
-4
What is 6 + -7 + 1 + -2?
-2
Evaluate -1 + (2 - (-1 - 1)).
3
What is (3 - 3 - (-4 - -8)) + -2?
-6
-4 - (7 + -6 + -3)
-2
Evaluate 4 + 3 + -6 + 0 - -3.
4
What is -2 + 0 + -2 + 4?
0
Evaluate (-9 - (3 - 0)) + 12.
0
What is -6 + 2 + (-7 - -8)?
-3
What is the value of 0 - ((-13 - -5) + 5 - -3)?
0
What is 6 + -2 - (53 - 52)?
3
What is the value of (3 - 3) + -1 - (-4 + 8)?
-5
Evaluate -9 + 3 + -9 + 8.
-7
Evaluate -3 + (7 - -1) + -10.
-5
Calculate (-52 - -46) + (-1 - (-12 - 0)).
5
What is the value of 3 - 0 - (8 + -5)?
0
What is the value of -9 + (9 - (2 - 7))?
5
What is the value of -1 + -1 + (5 - (4 - 0))?
-1
6 - 20 - (-8 - (-1 - 1))
-8
Calculate 22 + -21 + (5 - (2 + -2)).
6
(12 - (12 - -6)) + 9
3
What is -2 - -4 - 0 - 4?
-2
Evaluate (5 + -10 - 5) + 5.
-5
What is 14 + -9 + (-13 - -1) - -2?
-5
What is (31 - 29) + (-7 - 1)?
-6
-2 - (0 + -3 + (15 - 11))
-3
Calculate -1 + 9 + 6 - 12.
2
What is -8 + 21 + -9 + 2?
6
Evaluate -2 - 0 - (-14 + 16).
-4
Evaluate 16 + -35 + 14 - (-6 + 1).
0
Calculate 0 + (-4 - -7) + -3.
0
What is -1 + 0 + (-5 - (-3 + -5))?
2
Calculate 7 - (1 + -1 + 4 + 9).
-6
What is 1 + (-1 + -2 - 3)?
-5
What is 5 + (5 - (1 - -11) - -5)?
3
Evaluate -9 - (-13 - (-3 - 5)).
-4
(-2 - -2 - 4) + 7 + -7
-4
What is the value of 0 - -1 - (14 - (-6 - -13))?
-6
(-7 - -1) + -2 + (1 - -2)
-5
Calculate 1 + -1 + -2 + 7 + -1.
4
Evaluate -1 + (8 - 9 - 0).
-2
Calculate -2 - (-8 + -1 - 3).
10
6 - (-4 - (-6 - -1))
5
What is (11 - 8) + -14 + 6?
-5
Evaluate -5 - -1 - (-36 - -33).
-1
What is the value of 67 - 74 - (-5 - -1)?
-3
Calculate -8 - 1 - (-16 - -11).
-4
What is the value of -11 + 5 + 1 + -10 + 12?
-3
What is (14 - 5 - 2) + -12?
-5
What is the value of 0 + 0 + (-19 - -20)?
1
-21 + 32 - (8 + (-1 - 0))
4
What is (-2 - 4) + 3 - (3 + -2)?
-4
Calculate 7 + (5 - 10) + 2.
4
1 + -1 - (13 - (14 + -4))
-3
What is -2 - (1 + (4 - -1) + -3)?
-5
What is the value of 2 + -3 + -1 + 0 + 4?
2
(20 - 18) + (1 - 8)
-5
What is the value of 3 - -4 - 2 - 0?
5
Calculate (2 - (-4 - -1)) + 0.
5
Evaluate 2 - (2 - 5 - (4 - 2)).
7
What is the value of 2 + -7 + -5 + -7 + 14?
-3
What is (3 - 4) + 0 + 4?
3
8 - 7 - (-1 + 0)
2
Evaluate (5 - 2 - 8) + -1 + 6.
0
What is the value of 10 - (15 + -8 + -1)?
4
What is -1 + 6 + -21 + 22 - 13?
-7
What is 3 - -1 - (7 + 2)?
-5
What is the value of 10 + -24 + 17 + -10?
-7
Evaluate 6 - (-3 - (-11 - -7)).
5
What is the value of (2 - 3 - (2 + -6)) + 1?
4
What is 0 - (-2 + -3) - (-1 - -1)?
5
(-6 - -2 - (-1 - 2)) + 5
4
What is 1 - (3 + (0 - -7))?
-9
Evaluate 9 - ((9 + -7 - 2) + 3).
6
What is the value of -5 - (2 + 9 + -13)?
-3
Calculate 2 + ((2 - 1) + 2 - 1).
4
What is the value of -5 + -9 + 14 + (-3 - -1)?
-2
What is the value of -5 - (6 - 6) - (0 - 1)?
-4
Calculate 19 + (-8 + 2 - 5).
8
What is the value of -1 + 5 - (15 + -7)?
-4
Calculate 11 + (-14 - (-13 + 16)).
-6
What is -4 + 12 + 1 + -1?
8
What is 3 - ((3 - -1 - 6) + 4)?
1
What is the value of (-1 - 1 - -6) + 1?
5
-1 + 1 - ((-10 - -26) + -10)
-6
7 - (-1 + 12 - 8)
4
What is 13 - (2 - (-6 - 3))?
2
Evaluate -3 + 2 - (-1 - (-1 + 2)).
1
What is the value of (6 - 2) + 3 + -4?
3
1 + (4 - -4 - (1 + 15))
-7
-3 - 1 - (11 + -19)
4
Evaluate 7 + (1 + -1 - 4) - -1.
4
Evaluate -4 + (-7 - -18) + -5 - -2.
4
2 - ((5 - 10) + (0 - -12))
-5
Calculate 8 + (-8 - (-6 + 5)).
1
Calculate -3 - (4 + -5 + -2).
0
What is the value of (-1 - 2) + -15 + 14?
-4
What is -1 + 3 + -5 + 1?
-2
(2 - (1 + 4)) + 4 + -3
-2
Calculate -105 + 95 - (-1 + 1).
-10
-3 + (13 - 4) - 10
-4
Evaluate 10 + -1 - 22 - -11.
-2
Calculate (-2 - -1 - (-1 + -1)) + -5.
-4
Evaluate -1 - (9 + -6 + 3).
-7
What is -8 + (-5 - (3 + -3 + -4))?
-9
0 + 3 + -5 + 2 + 0
0
-1 + 4 + (-2 - 5)
-4
Evaluate -10 + -9 + 13 + 5 + 0.
-1
What is the value of (-5 - (2 + -26)) + -13?
6
Evaluate 8 - (5 + (-10 - -7)).
6
Calculate (1 + (-1 - -4) - 4) + 0.
0
What is -1 - -5 - (-36 + 44)?
-4
Calculate -15 + (10 - (5 - (-1 + 3))).
-8
Evaluate 5 + -13 + (-6 - -9).
-5
(11 - 7) + (-9 - (-1 - -1))
-5
What is 3 - (2 - 1) - 6?
-4
(-13 - -11) + 0 + 1 + -4
-5
What is -14 + 11 + (-1 - -9)?
5
What is the value of (7 - (-7 - -18)) + -2 + 2?
-4
2 + (-1 + 2 - -3 - 8)
-2
Evaluate (18 - 19) + (5 - 0).
4
Evaluate 4 + -8 + 9 + -3.
2
Calculate 2 - (12 + 4 + -19).
5
Evaluate 5 - (-1 + 1 + 2).
3
Evaluate -1 + 0 + 0 + 2.
1
What is the value of -1 - (-2 - -5) - (-1 + -4)?
1
Calculate -8 + (8 - ((-2 - -5) + -8)).
5
What is 4 + (4 - 7) + -5 